*1 - 1125/h?
41
Let j(p) = 137*p - 68. Let y be j(12). Suppose -y = -11*u + 1064. What are the prime factors of u?
2, 3, 5
Suppose 7*k + 52 = 3*k. Let z(b) = -b**3 - 16*b**2 - 25*b + 27. Let a be z(k). Let x = -75 - a. List the prime factors of x.
2, 5
Let l = -416 - -1085. Suppose o + 2*o = -3*w + 399, 5*o = -3*w + l. List the prime factors of o.
3, 5
Suppose 3*n - 8634 = -i, -n - 25862 = -13*i + 10*i. What are the prime factors of i?
2, 3, 479
Let x(o) = 1719 - 218 + 2*o**2 - 230 + o**3 + 3*o. List the prime factors of x(0).
31, 41
Suppose -7*j = 29 - 50. Suppose j*i + 67 - 328 = 0. List the prime factors of i.
3, 29
Suppose 3*r - 5*r = -42. Let m = -19 + r. Suppose q = 5*f + 11, 0 = 4*f + 6 - m. What are the prime factors of q?
2, 3
Let d(h) = 1563*h**2 - 73*h - 192. What are the prime factors of d(-3)?
2, 3, 29
Let y = 3 + 3. Let x be (-6)/33 - (837254/(-121))/19. Suppose 2*q = j + 151, 0 = q - y*q - 2*j + x. What are the prime factors of q?
2, 37
Let k(o) = -o + 23. Let n be k(28). List the prime factors of (-7)/n - (-153258)/105.
3, 487
Let l be (-1 + 0)/((-1)/93). Suppose 662*s - 668*s + 804 = 0. Let p = s - l. What are the prime factors of p?
41
Suppose 0*i - i - 3*o - 337 = 0, -2 = -2*o. What are the prime factors of (780/(-325))/(2/i)?
2, 3, 17
Let u(v) = -v**2 + 8*v + 7. Let x be u(3). Suppose 5*n + 7 - x = 0. Suppose -n*l + 138 = l + 2*p, -2*p = 2. List the prime factors of l.
5, 7
List the prime factors of (-2 - -1)/(20/(-45) - 107459/(-241857)).
3, 7, 349
Suppose 50*s - 23131 = 46986 + 30083. List the prime factors of s.
2, 3, 167
Suppose -2*o - x = -2106, 3*o - 2*x + 6*x = 3154. Suppose -o = -4*d + r, 203 = 3*d - r - 588. List the prime factors of d.
263
Let c(u) = -u + 1. Let f(x) = 24. Let n(o) = -4*c(o) - f(o). Let v be n(-9). Let q = v + 69. List the prime factors of q.
5
Let j = 7 + 52. Let k = j + -58. List the prime factors of (k*(-58)/1)/(-2).
29
Suppose -39649 = -3*h - 3*w - 11080, 19070 = 2*h - 4*w. What are the prime factors of h?
7, 1361
Let r(v) = -v**3 - 2*v**2 + 3*v - 3. Let q be r(-3). Let u be (157/q - 4)*3. Let c = -109 - u. What are the prime factors of c?
2, 3, 5
Let g = 187 + 10065. List the prime factors of g.
2, 11, 233
Suppose -49*g + 92090 = -43934. What are the prime factors of g?
2, 347
Suppose -2*o - x = -23502, 11765 = -9*o + 10*o + 4*x. What are the prime factors of o?
31, 379
Let p be 9/24 + (-13935)/40. What are the prime factors of -3 + 2 + (1 - 1 - p)?
347
Let m(x) = 84*x**3 + 9*x**2 + 55*x - 358. What are the prime factors of m(6)?
2, 5, 461
Suppose -6843 - 217 = -5*l. Suppose 5*v - 1992 - 110 = -3*z, l = 2*z - 2*v. Let c = z - 475. What are the prime factors of c?
229
Let f = 2722 + -2453. List the prime factors of f.
269
List the prime factors of (70/(-21) - -4)*(25429 + 3 - 1).
2, 7, 173
Let j(z) = -193*z + 948. What are the prime factors of j(-28)?
2, 397
Suppose m + 4*m - 291 = -3*a, -a + 2 = 0. Let h = 765 - m. Suppose h = 10*j + 38. What are the prime factors of j?
67
Suppose -5*a + 25 = -2*t, -a + 10 = a - t. Suppose a + 11 = 8*x. Suppose 5*w + 240 = -l + 1029, x*l + 620 = 4*w. List the prime factors of w.
157
Let v(i) = -i**3 - 43*i**2 + 165*i + 17. Let s(t) = t**3 + 23*t**2 + 110*t + 1. Let x be s(-6). List the prime factors of v(x).
2, 3, 61
Let n = 21 + 222. Suppose -16 + 11 = -o. Suppose 5*l + j + 2*j - 239 = 0, -o*l - j = -n. List the prime factors of l.
7
Suppose 0 = 5*y - 20. Suppose z = 4*v + 322, 3*v + y*z = 2*z - 247. List the prime factors of (v/(-18))/(1/2).
3
Let q(f) = 3*f**3 - 52*f**2 + 10*f - 188. List the prime factors of q(26).
2, 1103
List the prime factors of (-41685920)/(-10458) + 4/(-126).
2, 1993
Suppose 36*m - 1890 = 27*m. Suppose 219*k = m*k + 14157. What are the prime factors of k?
11, 13
Let z = 10926 - 4758. List the prime factors of z.
2, 3, 257
What are the prime factors of (-1 - 21930/3)/(9 + -14 + 4)?
3, 2437
Let w = 20608 - 12420. What are the prime factors of w?
2, 23, 89
Suppose 2*l = 2*r - 0*r + 16, -13 = -l + 2*r. List the prime factors of (252/5)/(l/20).
2, 3, 7
List the prime factors of (-4)/(-10) + 6627*(-296)/(-120).
3, 5449
List the prime factors of (19 - 16) + 3020 + -3.
2, 5, 151
Suppose 41*l = 393096 + 244662 + 107991. List the prime factors of l.
3, 43, 47
Let p be (12/9)/(6/9) - -1468. Suppose p = 12*a - 5*a. Suppose a = -5*h + 855. List the prime factors of h.
3, 43
Suppose -2*w - 394821 = -23*w. List the prime factors of w.
3, 2089
Suppose 5*c = 3*c + 2*t + 1670, 0 = 5*c - t - 4191. Suppose -2*v + h + c = 0, 3*v = 4*h + 366 + 890. List the prime factors of v.
2, 3, 5, 7
Let l(i) = 24*i + 5*i + 106*i + 19*i - 130. List the prime factors of l(5).
2, 5
What are the prime factors of (1639/(-33) - 9)/(2/(-6))?
2, 11
Let q be (-7)/14 + (-21)/(-6). Suppose 3*v = -4*p - 2 + 16, q*p - 18 = -3*v. What are the prime factors of (0 + v/6)*(19 - -32)?
5, 17
Let w be 26/(-39) - 671*3/(-9). Let s = 494 - w. List the prime factors of s.
271
Suppose -555*q + 10708259 = 4075454. What are the prime factors of q?
17, 19, 37
Suppose 2*r - 366 = -4*a, -3*a - 2*r = 3*r - 292. Let t = 299 + a. What are the prime factors of t?
2, 97
List the prime factors of (-1603746)/(-374) - 1/(-55)*-5.
2, 67
Let t = 87 - 83. Suppose -4*n + 958 - 122 = -4*h, 860 = t*n + 4*h. List the prime factors of n.
2, 53
Let b be ((-6)/(-5))/(21/70). Suppose 108 + 588 = b*u. Suppose o = 4*s + 3*o - u, -s - o + 43 = 0. List the prime factors of s.
2, 11
Suppose -2*z + 244 = -4*v + 2*z, z + 323 = -5*v. Let w = v - -68. Let g(k) = 6*k**2 + 9*k + 2. What are the prime factors of g(w)?
2, 67
Let i = 329 - 308. Suppose i*n - 1882 = 1604. What are the prime factors of n?
2, 83
Let j(b) = 11 + 4*b - 9*b - 4 + 7*b. Let p be j(-13). Let u = 28 - p. List the prime factors of u.
47
Suppose -j = 8*z - 9*z - 2, -3*j - 4*z = 8. Suppose -3*a = -j*a - 291. List the prime factors of a.
97
Let l(c) = -28*c - 14. Let n be l(-4). Let r = n - 24. Suppose -164 = -7*b + r. List the prime factors of b.
2, 17
Let p = 15909 - 8646. List the prime factors of p.
3, 269
Suppose -96 = 78*v - 81*v. Let d(j) = 7*j**3 + 2*j**2 - j. Let i be d(1). Let s = v + i. What are the prime factors of s?
2, 5
Let q = -114 + 567. Let r = 641 - q. What are the prime factors of r?
2, 47
Suppose -4*l + 36108 = -w, 136 = 5*w + 156. What are the prime factors of l?
2, 4513
Let d(t) = 8 - 44*t**2 + 10*t + 47*t**2 - 57 + 6*t. Let n be d(14). Suppose 3*f + 93 = w + n, -5*w = -4*f + 875. What are the prime factors of f?
3, 5
Let g(i) = -i - 35. Let a be g(-14). Let b(f) = 4*f**3 + 3*f**2 - 4*f + 2. Let u be b(2). Let w = a + u. List the prime factors of w.
17
Let g = -6794 + 19120. What are the prime factors of g?
2, 6163
Suppose -4*x = -29 + 17. Suppose o + x*o = 9*o. Suppose o = 9*q - 17*q + 688. List the prime factors of q.
2, 43
Suppose -42*s + 108550 = 26*s - 18*s. What are the prime factors of s?
13, 167
Let w = -85 - -87. Let c(v) = 0*v**2 + 5*v + 42 + 5*v**2 + w*v**2 - 6*v**2. List the prime factors of c(-6).
2, 3
Let f = 1624 - 905. Let c = f + -392. List the prime factors of c.
3, 109
Suppose 39*s - 245170 + 63703 = 0. What are the prime factors of s?
3, 11, 47
Suppose -3*b = 9*b - 288. Suppose -13 = -s + 3*i, 3*s = -2*i + 6*i + b. Suppose 0 = -k - s, 4*z - k - 556 = 2*k. What are the prime factors of z?
2, 17
Let u = 85 - -30. Let h = -109 + u. List the prime factors of h.
2, 3
Suppose -2*n - 38660 = -5*c, 4*c - 41094 = n - 10166. List the prime factors of c.
2, 1933
Let a(k) = 2408*k**3 - 2*k**2 + 21*k - 21. List the prime factors of a(1).
2, 3, 401
Suppose 3*w = 3*q + 45, -23*w + 25*w - q = 33. Suppose w*s + 5*s - 30751 = 0. List the prime factors of s.
7, 191
Suppose -14*u = 63 - 35. What are the prime factors of ((-8)/(-24) - u)*231?
7, 11
Let f = -89 + 89. Suppose f = 4*p - 12. Suppose 0 = -4*h - 12, p*g + 141 = 5*g - h. List the prime factors of g.
3, 23
Let y(j) = -j**3 + 11*j**2 + 2*j - 19. Let l be y(11). Suppose -4*d - 66 - 96 = -o, 5*d - 452 = -l*o. List the prime factors of o.
2, 7, 11
Suppose 2*w + 5*g - 26748 = 23653, 0 = -w + 2*g + 25214. What are the prime factors of w?
2, 23, 137
Let k be (-273)/6 + (12/(-8) - -2). Let v = 49 + k. Suppose v*j = 303 + 149. List the prime factors of j.
113
Let s(f) be the first 